o) + 6*i(o). Calculate l(3).
-10
Suppose 0*y = -y - l + 2, 3*l = 2*y - 9. Let w(g) = -5*g**2 + 5*g - 4. What is w(y)?
-34
Let v(q) = 17*q + 24. Let d(y) = 10*y + 12. Let o(p) = -5*d(p) + 3*v(p). Suppose -i = -2*f + 8, -2*i - f + 2*f = 22. What is o(i)?
0
Let z(y) = -18*y**2 + 6 - 4*y + 19*y**2 - 3. Let v = 60 - 56. Determine z(v).
3
Let g(o) = -3*o**3 - 3*o**2 - o - 2. Let x = -142 - -140. Calculate g(x).
12
Let t(x) = 5*x**2 - 9*x**2 - 2 + 6*x**2 + x. Suppose 0 = -4*k + 10 - 2. Calculate t(k).
8
Let s(p) be the third derivative of p**5/60 + p**4/3 + 5*p**3/6 - 6*p**2. Let l(a) = 4*a**2 + 33*a + 19. Let q(z) = 2*l(z) - 9*s(z). Calculate q(-6).
-7
Suppose -5*d - 4*m + 0*m = -15, -d - m + 4 = 0. Let u(n) = -64*n**3 + 63*n**3 - 2*n - 1 + n**2 - 5*n**2 + 2*n**2. What is u(d)?
0
Suppose -10 = -0*o - 5*o. Suppose 4 + 8 = -o*t. Let b(i) = -3*i**2 - 2*i + 3. Let h(g) = -4*g**2 - g + 3. Let d(s) = 3*b(s) - 2*h(s). Determine d(t).
-9
Let m(o) = -2*o**2 - 2*o + 2. Let r be m(-2). Let p(q) be the third derivative of -q**4/4 - q**3/2 - 25*q**2. Give p(r).
9
Let i(d) = 8*d - 24. Let r be i(5). Suppose -10*q = -r*q - 30. Let g(h) = -h**3 - 6*h**2 - 5*h - 6. Calculate g(q).
-6
Let d(b) be the second derivative of b**6/720 - 11*b**5/120 + 13*b**4/12 - 3*b. Let h(r) be the third derivative of d(r). Calculate h(8).
-3
Let n(v) = -8 + v**2 - 2*v - v + 9 + 0*v. Suppose 2*m - 6*d - 2 = 0, 5*d - 6 = -2*m + 7. Calculate n(m).
5
Let v(h) = h**3 - 13*h**2 - h + 19. Let k = 189 - 176. Determine v(k).
6
Suppose -28 = -4*y - 4. Let c(o) = -o**3 + 5*o**2 + 3. Let q be c(5). Let z be (y/4)/q*8. Let m(a) = a**2 - 5*a. Calculate m(z).
-4
Let w(m) = -2*m + 7. Let g(q) = -q**3 + 14*q**2 - 2*q - 2. Let y be g(14). Let u = -16 - y. Let k = -9 + u. Give w(k).
-3
Suppose -3*u + 195 = -5*i, u + 3*u + 4*i = 228. Let v = 57 - u. Let w(j) = j**2 + j + 1. What is w(v)?
7
Let g(n) = n**3 - 6*n**2 + 3*n + 4. Let a(t) = -12*t + 305. Let z be a(25). Calculate g(z).
-6
Let t be ((-6)/4)/((-9)/12). Suppose -4*g + 10 = -t. Let l be g/(1/2*-3). Let m(u) = u**2 + 3*u + 2. Determine m(l).
0
Let s(j) = j**3 - 11*j**2 + 10*j + 7. Let z be s(10). Suppose 0 = -z*n + 4*n + 12. Let q(t) = -6 - 2 - t - n + 1. What is q(-5)?
-6
Let u(i) be the third derivative of -i**4/24 - i**3/6 - i**2. Suppose -2*o = o + 4*v + 317, 5*o + 5*v = -520. Let f = 93 + o. Give u(f).
5
Let o(s) = -5*s**2 + 4*s + 6. Let w(k) = -k**2 + 1. Let i(r) = -o(r) + 6*w(r). Suppose -3*v = -3*p, -7*p - 3 = -3*p - 5*v. Suppose 2 = -p*f - 4. Give i(f).
4
Let x(m) = m**3 - 11*m**2 - 3*m. Let a(v) = -3*v**3 + 32*v**2 + 8*v. Let s(h) = 6*a(h) + 17*x(h). Give s(3).
9
Let s be 8/(-12) + 252/(-27). Let t(f) = -f**2 - 13*f - 8. Determine t(s).
22
Suppose p - k - 6 - 1 = 0, 0 = -3*p - 3*k - 9. Let s(i) be the first derivative of -2*i - 2*i - 8 - 16*i**p + 17*i**2. Calculate s(5).
6
Let n(b) = 0*b - 3*b + 3 - 4 - 10 - 10. Give n(-9).
6
Let v(o) = o + 2. Suppose -2*a = 3*b - 17, -2*a - 2*b = -5*a + 58. Suppose -5*y + 14 = -a. Let d be 2/5*(16 - y). What is v(d)?
6
Let r(n) = n - 5. Suppose 16*l + 219 = 379. Give r(l).
5
Let i = -375 - -379. Let h(y) be the third derivative of -1/24*y**i + 0 + 0*y - 3/2*y**3 - 2*y**2. Give h(-7).
-2
Let p(t) = -2*t**2 + 43*t - 204. Let z be p(15). Let r(c) = -c**2 - 9*c + 2. Calculate r(z).
2
Let w be 2/2 + 5 + 0. Let q(v) be the second derivative of 0 + 7*v - 4*v**2 + 1/2*v**3. Calculate q(w).
10
Let u = 590 - 589. Let d = 4 - 2. Let y(f) = 2*f**3 + 5*f**3 + 1 + d*f**2 - f**3 - 2*f. What is y(u)?
7
Let x(a) = 6*a. Suppose 38*f - 36 = 34*f. Suppose 3*z + 2*z - f = 4*h, 2*z - 5 = 3*h. What is x(h)?
-6
Let u = -21 + 18. Let d(c) = -5*c + 4. Let j(x) = 9*x - 7. Let s(l) = 5*d(l) + 3*j(l). What is s(u)?
-7
Let a(r) be the first derivative of -r**2 - 6*r + 36. Calculate a(-3).
0
Let z(w) be the second derivative of w**6/72 + w**5/120 + 17*w**4/12 - 5*w. Let a(p) be the third derivative of z(p). What is a(1)?
11
Suppose 5*k = -3*c - 959, -5*k - c - 935 = -6*c. Let d be (-2)/9 - k/45. Let q(v) = 12*v + 2*v**2 - d - v**2 - v - 6*v. Determine q(-6).
2
Let d be (0/3)/((-2)/1). Let j(l) = d*l + 2*l - 4*l + 11 + 3*l. What is j(-6)?
5
Let k(v) be the first derivative of 0*v**5 + 2/3*v**3 - 1/90*v**6 - 7 + 0*v + 0*v**2 - 1/24*v**4. Let q(l) be the third derivative of k(l). Give q(1).
-5
Let m(f) be the third derivative of f**4/12 - 2*f**3/3 - 13*f**2 - 6*f. Calculate m(-10).
-24
Let z(k) be the second derivative of 4*k**3/3 - k**2/2 + 80*k. Give z(-2).
-17
Let o(q) = 2*q - 16. Suppose 292 = h + 284. Give o(h).
0
Let o(w) = w + 6. Let m be 88/104 - (-2)/13. Let j be (-3 - -2) + -5 + m. Calculate o(j).
1
Let i(g) = -41 + 3 - 9*g**2 + 29 - g**3 - 8*g. What is i(-8)?
-9
Let s(o) = o**3 - 6*o**2 - 8*o - 1. Let a be (-32)/(-6) - -3 - (-16)/(-12). What is s(a)?
-8
Let f(c) = c**2 + 10*c - 5. Let n(m) = -m**2 - 9*m + 4. Let d(v) = 3*f(v) + 4*n(v). Suppose 4 - 16 = 2*k - 2*s, 2*k - 5*s + 12 = 0. Calculate d(k).
1
Let u(j) be the first derivative of -1/2*j**2 - 11 - 4*j. Give u(-8).
4
Let w(t) = 6 - 3*t + 2*t**3 - t**3 - 2 + 1 + 4*t**2. Calculate w(-5).
-5
Let n(s) = -s**3 - 3*s**2 + 5*s + 4. Let t be 6/33 - (-652)/44 - 3. Suppose 7*x - t*x = 20. Give n(x).
0
Let h(k) = k - 6. Let t = 58 - 76. Let l be (27/t)/((-1)/4). Give h(l).
0
Let o = -14 + 2. Suppose 0 = -3*k + 23 - 5. Let c = k + o. Let q(l) = l**2 + 8*l + 4. Calculate q(c).
-8
Let u(p) be the second derivative of p**4/12 - p**3/3 - 3*p**2/2 + 7*p. Suppose q - 84 + 86 = 0. Determine u(q).
5
Let z(l) = -4*l + 8. Let p(g) = -g + 4. Let w(i) = p(i) - z(i). Calculate w(-7).
-25
Let i(p) = 6*p**2 + 3*p - 1. Let y be i(1). Suppose 0 = y*b - 9*b - 3. Let g(m) be the first derivative of m**4/4 + 4*m**3/3 + 3*m**2/2 - m + 1. Give g(b).
-1
Let a(h) = h**2 - 5*h - 4. Let g be a(6). Let w(m) = -m**2 + 15*m**2 + 0*m**2 - 13*m**g + 3 + 5*m. Calculate w(-6).
9
Let a = 509/9912 + -4/413. Let p(t) be the third derivative of 1/6*t**5 + 0*t + 0 + 3*t**2 + 0*t**3 + a*t**4. Give p(-1).
9
Suppose -5*d + 20 = -d. Let a(r) = r + 18. Let w be a(-18). Let m(j) = 8*j + 4 - 2*j - 7*j + w*j. What is m(d)?
-1
Let t(h) = -h**2 + 3*h. Let k be t(2). Let m = -28 + 45. Let f(b) = -20 + 37 - m - 2*b. What is f(k)?
-4
Let v(a) = -a**3 + a**2 + 1. Let g(l) = 4*l**3 + 14*l**2 + 15*l - 16. Let k(w) = -g(w) - 3*v(w). What is k(-16)?
-3
Let s(j) = j**3 - 6*j**2 - 2. Let k be (-77)/(-28) - 3 - (-50)/8. Give s(k).
-2
Let x(v) = -v**2 + 2*v - 2. Let i = 34 + -56. Let m = i + 25. Give x(m).
-5
Let i(b) be the first derivative of -b**3/3 + 5*b**2/2 - b - 2. Let y = 132 + 6. Let c = 141 - y. Give i(c).
5
Suppose 18 + 27 = 9*v. Let z(r) = r**3 - 5*r**2 - 4. What is z(v)?
-4
Let m(r) = 21*r - 23*r + 29 - 81. Let h be m(-25). Let n(a) = -3*a**3 - 3*a**2 - a. What is n(h)?
14
Suppose -30 = -0*i - 5*i. Let x(r) be the third derivative of -r**6/120 + r**5/10 - r**4/24 + 5*r**3/6 - 14*r**2. What is x(i)?
-1
Suppose -9*q = -30*q + 21. Let u(a) = 10*a. Calculate u(q).
10
Suppose 75 = -13*w + 10*w. Let l = -20 - w. Suppose u - l*k + 2 = 0, -3*k - k + 32 = 3*u. Let g(a) = a**2 - 8*a. Calculate g(u).
0
Let u(c) = 12*c - 1. Suppose 33*z = 53*z - 40. Determine u(z).
23
Suppose -3*a + 0*s - 41 = -4*s, -2*a + 11 = 5*s. Let o(f) = -8 - 14891*f**2 + 14884*f**2 + 3 - f**3. Give o(a).
-5
Let k be 53/6 + 2 + 11/(-6). Let h be (-33)/k - -3 - (-4)/(-3). Let m(d) = 2*d**2 + 3*d + 2. Give m(h).
4
Let d(z) = z - 4. Let r(f) be the third derivative of 1/24*f**4 + 0 + 5/3*f**3 + 0*f + f**2. Let s be r(-5). Calculate d(s).
1
Let z(q) = q**2 + 5*q - 1. Let t = 77 + -127. Let r = -55 - t. Calculate z(r).
-1
Let f(g) = -g**2 + 10*g + 4. Let k be f(10). Let n(b) = b - 9 + k + 1 - 2. Let t(z) = -2*z - 6. Let i be t(-6). Determine n(i).
0
Let f(p) be the third derivative of p**4/12 - 19*p**3/6 + 47*p**2. Give f(10).
1
Let p(m) = -m**3 + m. Let v(o) = 4*o**3 + 8*o**2 + 4*o - 9. Let y(w) = 5*p(w) + v(w). Suppose -3*x + 25 = -u, -3*u - 39 = 37*x - 42*x. Determine y(x).
-9
Let g(x) be the second derivative of -9/2*x**2 + 12*x + 0 + 1/6*x**3. Determine g(8).
-1
Let g(r) = 148 - r - r**2 + 163 - 6*r - 297 - 5*r. Give g(-13).
1
Let v(y) be the second derivative of 5/2*y**2 + 0 + 1/6*y**3 - 5/12*y**4 + 5*y + 1/20*y**5. Determine v(5).
10
Let u(m) = 8*m - 49 + 4*m + 1